ate the remainder when 16243 is divided by 739.
724
What is the remainder when 14641 is divided by 2331?
655
What is the remainder when 8177 is divided by 547?
519
What is the remainder when 43014 is divided by 239?
233
What is the remainder when 231 is divided by 187?
44
Calculate the remainder when 18515 is divided by 3614.
445
Calculate the remainder when 1639 is divided by 1.
0
Calculate the remainder when 64479 is divided by 52.
51
Calculate the remainder when 47570 is divided by 22.
6
What is the remainder when 21143 is divided by 125?
18
Calculate the remainder when 6501 is divided by 728.
677
Calculate the remainder when 8727 is divided by 43.
41
What is the remainder when 572230 is divided by 339?
337
What is the remainder when 10235 is divided by 77?
71
Calculate the remainder when 4319 is divided by 5.
4
Calculate the remainder when 66747 is divided by 298.
293
What is the remainder when 14410 is divided by 77?
11
What is the remainder when 13451 is divided by 3356?
27
What is the remainder when 6102 is divided by 2020?
42
Calculate the remainder when 536 is divided by 446.
90
What is the remainder when 52094 is divided by 1132?
22
Calculate the remainder when 5584 is divided by 12.
4
Calculate the remainder when 11667 is divided by 639.
165
What is the remainder when 1197 is divided by 573?
51
What is the remainder when 737628 is divided by 123?
120
Calculate the remainder when 5761 is divided by 304.
289
Calculate the remainder when 7175 is divided by 225.
200
Calculate the remainder when 32297 is divided by 76.
73
Calculate the remainder when 8111 is divided by 1031.
894
Calculate the remainder when 44444 is divided by 44434.
10
What is the remainder when 1657925 is divided by 13?
9
What is the remainder when 25240 is divided by 194?
20
Calculate the remainder when 57781 is divided by 1314.
1279
What is the remainder when 6624 is divided by 461?
170
What is the remainder when 131 is divided by 104?
27
Calculate the remainder when 3975 is divided by 494.
23
What is the remainder when 1353014 is divided by 1036?
1034
Calculate the remainder when 110950 is divided by 36983.
1
Calculate the remainder when 8422 is divided by 938.
918
What is the remainder when 10863 is divided by 111?
96
Calculate the remainder when 4752 is divided by 2142.
468
Calculate the remainder when 57130 is divided by 2489.
2372
Calculate the remainder when 8189 is divided by 1584.
269
What is the remainder when 3222 is divided by 643?
7
Calculate the remainder when 9322 is divided by 337.
223
What is the remainder when 127959 is divided by 1505?
34
What is the remainder when 61208 is divided by 130?
108
Calculate the remainder when 54879 is divided by 80.
79
Calculate the remainder when 25199 is divided by 125.
74
What is the remainder when 15906 is divided by 46?
36
What is the remainder when 734 is divided by 8?
6
Calculate the remainder when 31213 is divided by 1245.
88
What is the remainder when 338788 is divided by 19?
18
Calculate the remainder when 8021 is divided by 535.
531
What is the remainder when 25188 is divided by 81?
78
Calculate the remainder when 8410 is divided by 52.
38
What is the remainder when 110977 is divided by 7?
6
Calculate the remainder when 2158 is divided by 193.
35
What is the remainder when 19269 is divided by 131?
12
What is the remainder when 606 is divided by 62?
48
What is the remainder when 51053 is divided by 134?
133
Calculate the remainder when 150236 is divided by 97.
80
What is the remainder when 14576 is divided by 113?
112
Calculate the remainder when 30378 is divided by 287.
243
Calculate the remainder when 1183557 is divided by 12.
9
Calculate the remainder when 4818 is divided by 64.
18
Calculate the remainder when 150499 is divided by 184.
171
What is the remainder when 10110 is divided by 4?
2
Calculate the remainder when 58315 is divided by 595.
5
Calculate the remainder when 799125 is divided by 24.
21
What is the remainder when 49024 is divided by 28?
24
What is the remainder when 50731 is divided by 16878?
97
Calculate the remainder when 1432122 is divided by 285.
282
What is the remainder when 6601 is divided by 230?
161
Calculate the remainder when 59872 is divided by 19955.
7
What is the remainder when 9891 is divided by 618?
3
What is the remainder when 110245 is divided by 630?
625
What is the remainder when 132784 is divided by 35?
29
What is the remainder when 2036 is divided by 4?
0
Calculate the remainder when 75295 is divided by 10753.
24
What is the remainder when 10838 is divided by 676?
22
Calculate the remainder when 30974 is divided by 443.
407
Calculate the remainder when 41909 is divided by 3200.
309
Calculate the remainder when 156 is divided by 23.
18
Calculate the remainder when 2985 is divided by 204.
129
Calculate the remainder when 47655 is divided by 228.
3
What is the remainder when 211670 is divided by 840?
830
What is the remainder when 4522 is divided by 351?
310
Calculate the remainder when 2918 is divided by 199.
132
What is the remainder when 1432007 is divided by 679?
675
What is the remainder when 27813 is divided by 61?
58
What is the remainder when 43162 is divided by 362?
84
What is the remainder when 111104 is divided by 788?
784
What is the remainder when 504 is divided by 186?
132
Calculate the remainder when 15410 is divided by 291.
278
Calculate the remainder when 1358394 is divided by 419.
415
What is the remainder when 11577 is divided by 5?
2
What is the remainder when 319526 is divided by 396?
350
Calculate the remainder when 17028 is divided by 769.
110
What is the remainder when 255255 is divided by 58?
55
Calculate the remainder when 972395 is divided by 24.
11
What is the remainder when 3090147 is divided by 105?
102
Calculate the remainder when 26850 is divided by 57.
3
What is the remainder when 164 is divided by 151?
13
What is the remainder when 2016 is divided by 162?
72
Calculate the remainder when 276068 is divided by 190.
188
Calculate the remainder when 5132 is divided by 31.
17
What is the remainder when 107655 is divided by 548?
247
Calculate the remainder when 152353 is divided by 466.
437
What is the remainder when 14649 is divided by 23?
21
What is the remainder when 4024 is divided by 201?
4
Calculate the remainder when 2993 is divided by 15.
8
Calculate the remainder when 783197 is divided by 20.
17
Calculate the remainder when 20722 is divided by 1211.
135
Calculate the remainder when 5509 is divided by 785.
14
What is the remainder when 5323 is divided by 15?
13
Calculate the remainder when 930214 is divided by 904.
902
What is the remainder when 1028 is divided by 182?
118
Calculate the remainder when 116963 is divided by 159.
98
Calculate the remainder when 195205 is divided by 19519.
15
What is the remainder when 2736 is divided by 35?
6
Calculate the remainder when 262820 is divided by 144.
20
Calculate the remainder when 4087101 is divided by 672.
669
What is the remainder when 437512 is divided by 265?
262
Calculate the remainder when 308669 is divided by 210.
179
Calculate the remainder when 2907 is divided by 98.
65
What is the remainder when 1289 is divided by 302?
81
Calculate the remainder when 25142 is divided by 189.
5
Calculate the remainder when 292977 is divided by 36621.
9
What is the remainder when 2217 is divided by 33?
6
Calculate the remainder when 33388 is divided by 16689.
10
What is the remainder when 18615 is divided by 166?
23
Calculate the remainder when 5296 is divided by 258.
136
What is the remainder when 82548 is divided by 1556?
80
Calculate the remainder when 73257 is divided by 951.
30
Calculate the remainder when 796 is divided by 30.
16
What is the remainder when 834 is divided by 19?
17
Calculate the remainder when 94911 is divided by 349.
332
Calculate the remainder when 309684 is divided by 45.
39
What is the remainder when 547373 is divided by 569?
564
Calculate the remainder when 21752 is divided by 144.
8
Calculate the remainder when 36896 is divided by 36871.
25
What is the remainder when 8669 is divided by 666?
11
What is the remainder when 11460 is divided by 3814?
18
Calculate the remainder when 581 is divided by 194.
193
Calculate the remainder when 13150 is divided by 3282.
22
Calculate t